m(l) = 17760*l - 461767. Calculate m(26).
-7
Let c(g) = -1238*g + 4877. Calculate c(4).
-75
Let z(d) = -331*d**2 + 9*d - 6. Give z(1).
-328
Let i(s) = 2*s**2 + 57*s - 8. Determine i(-26).
-138
Let k(w) = w**2 - 66*w + 322. Determine k(5).
17
Let u(a) = -a**3 - 24*a**2 + 3*a + 60. Give u(-24).
-12
Let c(q) = -q**3 + 4*q**2 + 50*q - 122. Give c(8).
22
Let j(l) = 1827*l + 98655. Give j(-54).
-3
Let v(i) = -26*i - 70. Give v(-3).
8
Let l(q) = -2*q**3 - 180*q**2 - 2479*q + 124. Calculate l(-73).
-95
Let r(g) = 161*g - 576. Give r(4).
68
Let z(a) = 3*a**2 + 34*a + 6. Determine z(-11).
-5
Let s(i) = 3*i**3 - 5*i**2 - 18*i + 21. Determine s(6).
381
Let o(x) = -17*x**3 + 60*x**2 - 7*x + 9. What is o(4)?
-147
Let j(l) = -6*l**2 - 8*l + 111. Give j(7).
-239
Let p(o) = -o**3 - 62*o**2 + 1015*o + 24. Determine p(13).
544
Let u(q) = q**3 - 2*q**2 + 3*q + 102. What is u(-6)?
-204
Let b(l) = -499*l - 3560. What is b(-7)?
-67
Let a(c) = -144*c - 429. Give a(-3).
3
Let f(c) = -3*c - 272. Calculate f(-89).
-5
Let b(t) = -452*t + 879. Give b(2).
-25
Let q(r) = r**2 + 111*r - 4238. What is q(30)?
-8
Let a(s) = 7*s**3 - 80*s**2 - 14*s - 39. What is a(12)?
369
Let o(h) = 90*h + 16494. What is o(-183)?
24
Let t(f) = -26*f**2 + 42*f + 1. What is t(1)?
17
Let z(g) = -2*g**3 + 25*g**2 - 73*g + 66. Determine z(8).
58
Let s(i) = -426*i + 910. Give s(2).
58
Let o(l) = -l**3 + 7*l**2 + 11*l - 21. Determine o(8).
3
Let j(v) = -26*v + 557. Determine j(24).
-67
Let h(w) = -2714*w + 5430. Give h(2).
2
Let u(l) = -l**3 + 16*l**2 - 2*l - 26. What is u(16)?
-58
Let x(n) = -14*n - 208. Give x(-23).
114
Let a(l) = -l**3 - 35*l**2 - 107*l - 35. Give a(-31).
-562
Let u(q) = -6*q**2 - 39*q + 76. Determine u(2).
-26
Let a(h) = 2*h**3 - 9*h**2 - 52*h + 279. Determine a(6).
75
Let l(r) = r**3 - 42*r**2 - 133*r - 97. Determine l(45).
-7
Let l(p) = 39*p**2 + 654*p + 485. Determine l(-16).
5
Let d(t) = 5*t**2 + 106*t - 339. Give d(-24).
-3
Let t(h) = -h**2 + 19*h - 9. What is t(12)?
75
Let s(c) = -6*c**2 + 539*c - 394. Give s(89).
51
Let g(z) = z**2 + 1167*z + 18423. Give g(-16).
7
Let t(d) = -2*d**3 - 40*d**2 - 91*d - 1009. Give t(-19).
-2
Let n(j) = 2318*j - 18584. Calculate n(8).
-40
Let b(s) = -109*s - 5. Determine b(-1).
104
Let z(j) = -63*j**3 - j**2 - 252*j + 252. Give z(1).
-64
Let i(v) = v**3 - 75*v**2 - 77*v + 5783. Calculate i(75).
8
Let r(m) = -4*m**3 + 4*m**2 - 3*m - 48. Calculate r(-4).
284
Let r(g) = g**3 - 51*g**2 - 560*g + 28558. Give r(51).
-2
Let w(g) = -64*g**2 + 15*g + 63. Calculate w(-1).
-16
Let h(z) = -3*z**3 - 3*z**2 - 4*z - 4. Give h(-3).
62
Let s(j) = 74*j + 3189. Give s(-43).
7
Let b(u) = 169*u + 50707. Calculate b(-300).
7
Let g(m) = m**3 + 2*m**2 + 4*m - 11. Calculate g(9).
916
Let r(o) = 2*o**2 + 12*o - 51. What is r(-8)?
-19
Let u(d) = 4*d + 76. Give u(-23).
-16
Let l(n) = -n**3 - 12*n**2 + 63*n - 7. Determine l(-17).
367
Let z(b) = -b - 114. Give z(-5).
-109
Let n(k) = 41*k + 915. Determine n(-22).
13
Let n(d) = -3*d**2 + 28*d - 131. What is n(11)?
-186
Let w(h) = h**3 - 17*h**2 + 109*h - 265. Give w(5).
-20
Let k(i) = -5*i**3 - 37*i**2 - 30*i + 11. What is k(-5)?
-139
Let l(b) = b**3 + 87*b**2 + 53*b + 12413. Give l(-88).
5
Let n(j) = 996*j + 1994. What is n(-2)?
2
Let q(z) = -z**2 - 22*z + 31. What is q(-10)?
151
Let x(j) = j**2 + 4*j - 1163. Calculate x(-36).
-11
Let m(k) = -127*k + 1299. Give m(12).
-225
Let b(w) = w**3 + 47*w**2 + 77*w - 254. What is b(-45)?
331
Let h(k) = k**3 + 16*k**2 - 94*k - 704. Determine h(-19).
-1
Let g(w) = -w**2 - 37*w + 2761. What is g(37)?
23
Let p(r) = 3*r**2 + 339*r - 3280. What is p(9)?
14
Let m(n) = 2*n**2 + 105*n - 7. Determine m(-50).
-257
Let b(x) = -x**3 + 42*x**2 + 519*x + 1. Give b(-10).
11
Let t(y) = 4*y**2 - 65*y + 1. What is t(12)?
-203
Let s(f) = 18*f + 178. Calculate s(15).
448
Let x(r) = 46*r - 3698. Give x(76).
-202
Let d(k) = -25*k**2 + 33*k. Give d(1).
8
Let g(l) = -l**3 - 120*l**2 + 118*l - 369. Calculate g(-121).
-6
Let m(t) = 419*t + 3647. Determine m(-9).
-124
Let v(w) = w**3 - 54*w**2 + 211*w - 533. Determine v(50).
17
Let c(t) = 16*t + 1447. Calculate c(-91).
-9
Let m(n) = n**3 - 25*n**2 - 59*n + 1478. Calculate m(25).
3
Let t(v) = -v**3 + 11*v**2 - 9*v + 54. Determine t(11).
-45
Let n(q) = q**3 + 8*q**2 + 42*q + 82. Give n(-3).
1
Let v(z) = z**2 + 778*z + 4634. What is v(-6)?
2
Let w(l) = -l**2 + 5*l + 256. Calculate w(-11).
80
Let l(r) = -r**2 - 24*r + 23. What is l(-6)?
131
Let j(r) = 4*r**3 + 2*r**2 - 113*r - 113. Calculate j(-1).
-2
Let l(g) = 38*g**2 - 139*g - 1. Calculate l(3).
-76
Let i(x) = 872*x - 19991. Calculate i(23).
65
Let a(g) = 311*g - 27951. What is a(90)?
39
Let a(c) = -c**2 - 22*c - 129. Determine a(-15).
-24
Let s(k) = -2*k**3 - 28*k**2 + 32*k + 43. What is s(-15)?
13
Let i(u) = -6109*u - 85514. Give i(-14).
12
Let p(k) = k**2 - 156*k + 3677. What is p(29)?
-6
Let l(v) = 42*v + 296. What is l(-5)?
86
Let t(z) = z**3 + 57*z**2 - 7*z - 6436. What is t(-55)?
-1
Let d(v) = -v**2 - 88*v + 2157. Give d(20).
-3
Let a(n) = n**3 + 58*n**2 - 135*n - 4182. Calculate a(-59).
302
Let x(h) = -6*h + 137. Give x(26).
-19
Let d(k) = k**2 - 32*k - 225. Give d(38).
3
Let h(w) = 85*w + 2381. What is h(-28)?
1
Let k(y) = -12*y**2 + 73*y - 11. Calculate k(6).
-5
Let y(d) = -1900*d - 3803. Give y(-2).
-3
Let l(m) = -6*m**2 - 87*m - 51. Calculate l(-14).
-9
Let x(o) = -o**3 - 32*o**2 + 105*o + 6. What is x(-35)?
6
Let g(o) = -2*o**2 - 158*o - 1652. Calculate g(-67).
-44
Let d(i) = i**3 + 26*i**2 - 25*i + 15. Calculate d(-27).
-39
Let b(m) = 47*m + 482. Calculate b(-10).
12
Let a(t) = -t**3 - 5*t**2 - 9*t - 63. Determine a(-8).
201
Let q(h) = h**3 - 11*h**2 - 10*h - 2. Determine q(12).
22
Let l(j) = j**3 - 18*j**2 + 344*j - 7717. Determine l(20).
-37
Let p(f) = -2*f**2 - 13*f + 4. What is p(-7)?
-3
Let q(r) = 259*r + 444. Calculate q(-2).
-74
Let q(i) = -424*i - 38172. Give q(-90).
-12
Let s(p) = -3*p**2 - 158*p - 269. Give s(-49).
270
Let s(p) = -213*p + 727. What is s(4)?
-125
Let t(w) = -153*w - 71. Determine t(2).
-377
Let d(f) = -f**2 + 12638*f - 290145. What is d(23)?
0
Let o(m) = 85*m + 2651. Determine o(-25).
526
Let v(l) = 52*l + 1558. Give v(-30).
-2
Let c(k) = k**2 - 99*k - 1081. Determine c(-10).
9
Let m(s) = -s**3 + 32*s**2 - 332*s + 1147. Calculate m(7).
48
Let t(q) = q**2 - 10*q - 11. Determine t(5).
-36
Let p(j) = -j**3 + 17*j**2 + 22*j - 59. Determine p(18).
13
Let l(q) = -2*q**2 - 18*q + 3093. Give l(-44).
13
Let m(j) = 2*j**3 - 333*j**2 + 175*j - 1502. What is m(166)?
-8
Let m(c) = -c**3 + 120*c**2 - 242*c + 721. Determine m(118).
13
Let l(f) = 67*f - 869. Determine l(14).
69
Let v(i) = 3*i**3 + 10*i**2 + 7*i - 3. Calculate v(-6).
-333
Let a(y) = 3*y**2 + 156*y + 122. What is a(-51)?
-31
Let l(z) = 15*z - 109. Calculate l(8).
11
Let j(r) = -r**3 + 16*r**2 - 4*r + 46. Determine j(16).
-18
Let g(c) = -c**3 - 6*c**2 + 44*c. Determine g(0).
0
Let u(x) = -829*x + 5763. What is u(7)?
-40
Let u(s) = -4*s**2 + 127*s - 144. Give u(31).
-51
Let j(x) = -244*x + 2388. Give j(10).
-52
Let b(k) = -k**2 + 6*k + 139. What is b(-8)?
27
Let q(r) = r**3 + 10*r**2 + 3*r - 36. Calculate q(-9).
18
Let w(m) = -m**3 + 3*m**2 + 8*m - 9. Determine w(3).
15
Let r(t) = -t**3 - 37*t**2 + 468*t + 9. What is r(10)?
-11
Let y(w) = 72*w + 480. Calculate y(-11).
-312
Let w(z) = -7*z - 141. Determine w(-41).
146
Let t(c) = -c**3 + 58*c**2 - 52*c - 122. Determine t(57).
163
Let f(m) = -m**3 + 15*m**2 - 53*m + 28. Determine f(10).
-2
Let n(m) = m**3 + 186*m**2 + 373*m + 924. Determine n(-184).
4
Let k(o) = -4*o**2 + 14*o - 21. Give k(6).
-81
Let h(o) = 49*o + 287. Give h(-6).
-7
Let z(l) = -187*l - 1120. Determine z(-6).
2
Let z(p) = p**3 - 14*p**2 - 50*p + 255. Give z(3).
6
Let j(x) = -166*x - 1588. Determine j(-10).
72
Let z(t) = 2*t**2 - 1771*t + 8838. Give z(5).
33
Let j(z) = -117*z + 2346. What is j(20)?
6
Let a(g) = -28*g + 905. Calculate a(33).
-19
Let a(b) = 222*b + 1047. What is a(-4)?
159
Let y(x) = 55*x - 354. Determine y(5).
-79
Let m(x) = x**3 + 2*x**2 - 18*x + 1096. Determine m(0).
1096
Let q(z) = -z**3 + 169*z**2 + 3368*z + 12. Determine q(-18).
-24
Let x(k) = -230*k**2 + 39*k + 8. What is x(2)?
-834
Let h(b) = 2*b**2 - 45. Give h(-10).
155
Let q(o) = -o**2 - 284*o - 2616. Determine q(-10).
124
Let m(c)